{"id":793,"date":"2024-06-21T15:09:37","date_gmt":"2024-06-21T13:09:37","guid":{"rendered":"https:\/\/arminzoghi.com\/?page_id=793"},"modified":"2025-02-27T15:34:11","modified_gmt":"2025-02-27T14:34:11","slug":"off-the-mark","status":"publish","type":"page","link":"https:\/\/arminzoghi.com\/index.php\/off-the-mark\/","title":{"rendered":"Off the mark"},"content":{"rendered":"\n<div style=\"height:40px\" aria-hidden=\"true\" class=\"wp-block-spacer\"><\/div>\n\n\n\n<!DOCTYPE html>\n<html lang=\"en\">\n<head>\n    <meta charset=\"UTF-8\">\n    <meta name=\"viewport\" content=\"width=device-width, initial-scale=1.0\">\n    <title>Responsive Image Gallery<\/title>\n    <!-- Slick CSS -->\n    <link rel=\"stylesheet\" type=\"text\/css\" href=\"https:\/\/cdnjs.cloudflare.com\/ajax\/libs\/slick-carousel\/1.8.1\/slick.min.css\"\/>\n    <link rel=\"stylesheet\" type=\"text\/css\" href=\"https:\/\/cdnjs.cloudflare.com\/ajax\/libs\/slick-carousel\/1.8.1\/slick-theme.min.css\"\/>\n    <style>\n        .image-gallery-container {\n            max-width: 100%; \/* D\u00e9finir la largeur \u00e0 80% *\/\n            margin-left: 0; \/* D\u00e9finir la marge gauche \u00e0 0 *\/\n            margin-right: auto; \/* Centrer horizontalement en fixant la marge droite \u00e0 auto *\/\n            overflow: hidden; \/* Pour \u00e9viter le d\u00e9bordement des \u00e9l\u00e9ments enfants *\/\n        }\n        .image-gallery {\n            max-width: 100%;\n            margin-left: 0; \/* D\u00e9finir la marge gauche \u00e0 0 *\/\n            margin-right: auto; \/* Centrer horizontalement en fixant la marge droite \u00e0 auto *\/\n            overflow: hidden; \/* Pour \u00e9viter le d\u00e9bordement des \u00e9l\u00e9ments enfants *\/\n        }\n        .image-gallery img {\n            width: 100%;\n            height: auto;\n            display: block;\n            position: relative;\n        }\n        .slick-prev, .slick-next {\n            width: 20px;\n            height: 20px;\n            z-index: 2;\n            position: absolute;\n            top: 50%;\n            transform: translateY(-50%);\n        }\n        .slick-prev:before, .slick-next:before {\n            display: none; \/* Cacher les fl\u00e8ches par d\u00e9faut *\/\n        }\n        .slick-prev {\n            left: 10px;\n            border: solid grey;\n            border-width: 0 3px 3px 0;\n            display: inline-block;\n            padding: 5px;\n            transform: rotate(135deg);\n            -webkit-transform: rotate(135deg);\n        }\n        .slick-next {\n            right: 10px;\n            border: solid grey;\n            border-width: 0 3px 3px 0;\n            display: inline-block;\n            padding: 5px;\n            transform: rotate(-45deg);\n            -webkit-transform: rotate(-45deg);\n        \n        }\n    <\/style>\n<\/head>\n<body>\n    <div class=\"image-gallery-container\">\n        <div class=\"image-gallery slick\">\n            <div><img decoding=\"async\" src=\"https:\/\/arminzoghi.com\/wp-content\/uploads\/2024\/06\/Off-the-mark-03.png\" alt=\"Image 1\"><\/div>\n            <div><img decoding=\"async\" src=\"https:\/\/arminzoghi.com\/wp-content\/uploads\/2024\/06\/Off-the-mark-01.png\" alt=\"Image 2\"><\/div>\n            <div><img decoding=\"async\" src=\"https:\/\/arminzoghi.com\/wp-content\/uploads\/2024\/06\/Off-the-mark-04.png\" alt=\"Image 3\"><\/div>\n<div><img decoding=\"async\" src=\"https:\/\/arminzoghi.com\/wp-content\/uploads\/2024\/06\/Off-the-mark-05.png\" alt=\"Image 3\"><\/div>\n<div><img decoding=\"async\" src=\"https:\/\/arminzoghi.com\/wp-content\/uploads\/2024\/06\/Off-the-mark-06.png\" alt=\"Image 3\"><\/div>\n<div><img decoding=\"async\" src=\"https:\/\/arminzoghi.com\/wp-content\/uploads\/2024\/06\/Off-the-mark-07.png\" alt=\"Image 3\"><\/div>\n<div><img decoding=\"async\" src=\"https:\/\/arminzoghi.com\/wp-content\/uploads\/2024\/06\/Off-the-mark-08.png\" alt=\"Image 3\"><\/div>\n            \n            \n        <\/div>\n    <\/div>\n\n    <!-- jQuery -->\n    <script src=\"https:\/\/code.jquery.com\/jquery-3.6.0.min.js\"><\/script>\n    <!-- Slick JS -->\n    <script type=\"text\/javascript\" src=\"https:\/\/cdnjs.cloudflare.com\/ajax\/libs\/slick-carousel\/1.8.1\/slick.min.js\"><\/script>\n    <script type=\"text\/javascript\">\n        $(document).ready(function(){\n            $('.image-gallery.slick').slick({\n                autoplay: true,\n                autoplaySpeed: 2300,\n                speed: 1000,\n                arrows: true,\n                dots: false\n            });\n        });\n    <\/script>\n<\/body>\n<\/html>\n\n\n\n<div class=\"wp-block-media-text is-stacked-on-mobile\"><figure class=\"wp-block-media-text__media\"><img fetchpriority=\"high\" decoding=\"async\" width=\"833\" height=\"932\" src=\"https:\/\/arminzoghi.com\/wp-content\/uploads\/2024\/06\/Off-the-mark-02.png\" alt=\"\" class=\"wp-image-799 size-full\" srcset=\"https:\/\/arminzoghi.com\/wp-content\/uploads\/2024\/06\/Off-the-mark-02.png 833w, https:\/\/arminzoghi.com\/wp-content\/uploads\/2024\/06\/Off-the-mark-02-268x300.png 268w, https:\/\/arminzoghi.com\/wp-content\/uploads\/2024\/06\/Off-the-mark-02-768x859.png 768w\" sizes=\"(max-width: 833px) 100vw, 833px\" \/><\/figure><div class=\"wp-block-media-text__content\">\n<p>Je connaissais Temps Calme et j\u2019avais \u00e9cout\u00e9 leur premier album quand, en 2022, O. Desmoulliez m&rsquo;a contact\u00e9 pour r\u00e9aliser une vid\u00e9o pour leur nouveau morceau. En l&rsquo;\u00e9coutant, le son du clavier m&#8217;emportait comme les vagues, la guitare me donnait envie de courir, la batterie de faire du v\u00e9lo, et les voix m&rsquo;intriguaient et me d\u00e9stabilisaient.<\/p>\n\n\n\n<p>Lors de notre rencontre, ils avaient envie de jouer au ping-pong avec des masques. J&rsquo;ai d\u00e9cid\u00e9 d&rsquo;\u00e9crire une histoire en gardant ces \u00e9l\u00e9ments, une histoire capable de transmettre les sentiments \u00e9voqu\u00e9s par ce morceau, l&rsquo;histoire de trois personnages \u00e0 la fois comique et dramatique. Je me sentais \u00e9galement libre d\u2019\u00e9crire et de bifurquer gr\u00e2ce \u00e0 son titre.<\/p>\n\n\n\n<figure class=\"wp-block-image size-large is-resized\"><img decoding=\"async\" width=\"1024\" height=\"768\" src=\"https:\/\/arminzoghi.com\/wp-content\/uploads\/2024\/07\/Off-the-mark-0-1024x768.jpg\" alt=\"\" class=\"wp-image-875\" style=\"width:478px;height:auto\" srcset=\"https:\/\/arminzoghi.com\/wp-content\/uploads\/2024\/07\/Off-the-mark-0-1024x768.jpg 1024w, https:\/\/arminzoghi.com\/wp-content\/uploads\/2024\/07\/Off-the-mark-0-300x225.jpg 300w, https:\/\/arminzoghi.com\/wp-content\/uploads\/2024\/07\/Off-the-mark-0-768x576.jpg 768w, https:\/\/arminzoghi.com\/wp-content\/uploads\/2024\/07\/Off-the-mark-0-1536x1152.jpg 1536w, https:\/\/arminzoghi.com\/wp-content\/uploads\/2024\/07\/Off-the-mark-0.jpg 1900w\" sizes=\"(max-width: 1024px) 100vw, 1024px\" \/><\/figure>\n<\/div><\/div>\n\n\n\n<div style=\"height:30px\" aria-hidden=\"true\" class=\"wp-block-spacer\"><\/div>\n\n\n\n<figure class=\"wp-block-embed is-type-video is-provider-youtube wp-block-embed-youtube wp-embed-aspect-16-9 wp-has-aspect-ratio\"><div class=\"wp-block-embed__wrapper\">\n<iframe title=\"Temps Calme - Off The Mark\" width=\"500\" height=\"281\" src=\"https:\/\/www.youtube.com\/embed\/vYywFXYaTOc?feature=oembed\" frameborder=\"0\" allow=\"accelerometer; autoplay; clipboard-write; encrypted-media; gyroscope; picture-in-picture; web-share\" referrerpolicy=\"strict-origin-when-cross-origin\" allowfullscreen><\/iframe>\n<\/div><\/figure>\n\n\n\n<figure class=\"wp-block-pullquote\"><blockquote><p><strong>R\u00e9alisation<\/strong> : Armin Zoghi<br><strong>Directeur de la photographie<\/strong> : Jeremy Paniez<br><strong>Production<\/strong> : Synesthesic<br><strong>Coproduction<\/strong> : chancy publishing<\/p><\/blockquote><\/figure>\n","protected":false},"excerpt":{"rendered":"<p>Responsive Image Gallery R\u00e9alisation : Armin ZoghiDirecteur de la photographie : Jeremy PaniezProduction : SynesthesicCoproduction : chancy publishing<\/p>\n","protected":false},"author":1,"featured_media":0,"parent":0,"menu_order":0,"comment_status":"closed","ping_status":"closed","template":"","meta":{"footnotes":""},"class_list":["post-793","page","type-page","status-publish","hentry"],"_links":{"self":[{"href":"https:\/\/arminzoghi.com\/index.php\/wp-json\/wp\/v2\/pages\/793","targetHints":{"allow":["GET"]}}],"collection":[{"href":"https:\/\/arminzoghi.com\/index.php\/wp-json\/wp\/v2\/pages"}],"about":[{"href":"https:\/\/arminzoghi.com\/index.php\/wp-json\/wp\/v2\/types\/page"}],"author":[{"embeddable":true,"href":"https:\/\/arminzoghi.com\/index.php\/wp-json\/wp\/v2\/users\/1"}],"replies":[{"embeddable":true,"href":"https:\/\/arminzoghi.com\/index.php\/wp-json\/wp\/v2\/comments?post=793"}],"version-history":[{"count":36,"href":"https:\/\/arminzoghi.com\/index.php\/wp-json\/wp\/v2\/pages\/793\/revisions"}],"predecessor-version":[{"id":879,"href":"https:\/\/arminzoghi.com\/index.php\/wp-json\/wp\/v2\/pages\/793\/revisions\/879"}],"wp:attachment":[{"href":"https:\/\/arminzoghi.com\/index.php\/wp-json\/wp\/v2\/media?parent=793"}],"curies":[{"name":"wp","href":"https:\/\/api.w.org\/{rel}","templated":true}]}}