{"id":1170,"date":"2025-03-07T15:58:13","date_gmt":"2025-03-07T14:58:13","guid":{"rendered":"https:\/\/arminzoghi.com\/?page_id=1170"},"modified":"2025-03-12T09:30:51","modified_gmt":"2025-03-12T08:30:51","slug":"numbers-might-be-real","status":"publish","type":"page","link":"https:\/\/arminzoghi.com\/index.php\/numbers-might-be-real\/","title":{"rendered":"Numbers Might Be Real"},"content":{"rendered":"\n<figure class=\"wp-block-image size-large\"><img fetchpriority=\"high\" decoding=\"async\" width=\"1024\" height=\"681\" src=\"https:\/\/arminzoghi.com\/wp-content\/uploads\/2025\/03\/Numbers-01-1024x681.jpg\" alt=\"\" class=\"wp-image-1174\" srcset=\"https:\/\/arminzoghi.com\/wp-content\/uploads\/2025\/03\/Numbers-01-1024x681.jpg 1024w, https:\/\/arminzoghi.com\/wp-content\/uploads\/2025\/03\/Numbers-01-300x199.jpg 300w, https:\/\/arminzoghi.com\/wp-content\/uploads\/2025\/03\/Numbers-01-768x511.jpg 768w, https:\/\/arminzoghi.com\/wp-content\/uploads\/2025\/03\/Numbers-01-1536x1021.jpg 1536w, https:\/\/arminzoghi.com\/wp-content\/uploads\/2025\/03\/Numbers-01-2048x1362.jpg 2048w\" sizes=\"(max-width: 1024px) 100vw, 1024px\" \/><\/figure>\n\n\n\n<p><em>Installation vid\u00e9o,\u00a0deux vid\u00e9os projet\u00e9es en boucle dans un bunker d&rsquo;un ancien central \u00e9lectrique \u00e0 Frieburg, en Allemagne.<\/em><\/p>\n\n\n\n<div class=\"wp-block-columns is-layout-flex wp-container-core-columns-is-layout-28f84493 wp-block-columns-is-layout-flex\">\n<div class=\"wp-block-column is-layout-flow wp-block-column-is-layout-flow\" style=\"flex-basis:66.66%\">\n<p>Un bunker s\u2019\u00e9rige dans l\u2019espace. Ses deux portes rouill\u00e9es d\u00e9clinent des nuances de vert et d\u2019orang\u00e9. Sur chacune d\u2019elles, un judas permet d\u2019observer l\u2019int\u00e9rieur du bunker. Par le premier judas, on voit des nombres projet\u00e9s sur un mur. Ils d\u00e9filent de 1900 \u00e0 2000, mais une erreur, qui prend la forme d\u2019un flash de quelques secondes, s\u2019immisce dans la progression logique des nombres. \u00c0 travers le second judas, l\u2019on voit des escaliers au-dessus desquels un poste de t\u00e9l\u00e9vision diffuse deux dates l\u2019une apr\u00e8s l\u2019autre : 08\/08\/08 et 24\/08\/08.<\/p>\n<\/div>\n\n\n\n<div class=\"wp-block-column is-layout-flow wp-block-column-is-layout-flow\" style=\"flex-basis:33.33%\"><\/div>\n<\/div>\n\n\n\n<div class=\"wp-block-columns is-layout-flex wp-container-core-columns-is-layout-28f84493 wp-block-columns-is-layout-flex\">\n<div class=\"wp-block-column is-layout-flow wp-block-column-is-layout-flow\">\n<!DOCTYPE html>\n<html lang=\"en\">\n<head>\n    <meta charset=\"UTF-8\">\n    <meta name=\"viewport\" content=\"width=device-width, initial-scale=1.0\">\n    <title>Responsive Image Gallery<\/title>\n    <!-- Slick CSS -->\n    <link rel=\"stylesheet\" type=\"text\/css\" href=\"https:\/\/cdnjs.cloudflare.com\/ajax\/libs\/slick-carousel\/1.8.1\/slick.min.css\"\/>\n    <link rel=\"stylesheet\" type=\"text\/css\" href=\"https:\/\/cdnjs.cloudflare.com\/ajax\/libs\/slick-carousel\/1.8.1\/slick-theme.min.css\"\/>\n    <style>\n        .image-gallery-container {\n            max-width: 100%; \/* D\u00e9finir la largeur \u00e0 80% *\/\n            margin-left: 0; \/* D\u00e9finir la marge gauche \u00e0 0 *\/\n            margin-right: auto; \/* Centrer horizontalement en fixant la marge droite \u00e0 auto *\/\n            overflow: hidden; \/* Pour \u00e9viter le d\u00e9bordement des \u00e9l\u00e9ments enfants *\/\n        }\n        .image-gallery {\n            max-width: 100%;\n            margin-left: 0; \/* D\u00e9finir la marge gauche \u00e0 0 *\/\n            margin-right: auto; \/* Centrer horizontalement en fixant la marge droite \u00e0 auto *\/\n            overflow: hidden; \/* Pour \u00e9viter le d\u00e9bordement des \u00e9l\u00e9ments enfants *\/\n        }\n        .image-gallery img {\n            width: 100%;\n            height: auto;\n            display: block;\n            position: relative;\n        }\n        .slick-prev, .slick-next {\n            width: 20px;\n            height: 20px;\n            z-index: 2;\n            position: absolute;\n            top: 50%;\n            transform: translateY(-50%);\n        }\n        .slick-prev:before, .slick-next:before {\n            display: none; \/* Cacher les fl\u00e8ches par d\u00e9faut *\/\n        }\n        .slick-prev {\n            left: 10px;\n            border: solid grey;\n            border-width: 0 3px 3px 0;\n            display: inline-block;\n            padding: 5px;\n            transform: rotate(135deg);\n            -webkit-transform: rotate(135deg);\n        }\n        .slick-next {\n            right: 10px;\n            border: solid grey;\n            border-width: 0 3px 3px 0;\n            display: inline-block;\n            padding: 5px;\n            transform: rotate(-45deg);\n            -webkit-transform: rotate(-45deg);\n        \n        }\n    <\/style>\n<\/head>\n<body>\n    <div class=\"image-gallery-container\">\n        <div class=\"image-gallery slick\">\n            <div><img decoding=\"async\" src=\"https:\/\/arminzoghi.com\/wp-content\/uploads\/2025\/03\/Numbers-02-scaled.jpg\" alt=\"Image 1\"><\/div>\n            <div><img decoding=\"async\" src=\"https:\/\/arminzoghi.com\/wp-content\/uploads\/2025\/03\/Numbers-03-scaled.jpg\" alt=\"Image 2\"><\/div>\n            <div><img decoding=\"async\" src=\"https:\/\/arminzoghi.com\/wp-content\/uploads\/2025\/03\/Numbers-04-scaled.jpg\" alt=\"Image 3\"><\/div>\n            <div><img decoding=\"async\" src=\"https:\/\/arminzoghi.com\/wp-content\/uploads\/2025\/03\/Numbers-06-scaled.jpg\" alt=\"Image 4\"><\/div>\n            <div><img decoding=\"async\" src=\"https:\/\/arminzoghi.com\/wp-content\/uploads\/2025\/03\/Numbers-07-scaled.jpg\" alt=\"Image 6\"><\/div>\n            \n        <\/div>\n    <\/div>\n\n    <!-- jQuery -->\n    <script src=\"https:\/\/code.jquery.com\/jquery-3.6.0.min.js\"><\/script>\n    <!-- Slick JS -->\n    <script type=\"text\/javascript\" src=\"https:\/\/cdnjs.cloudflare.com\/ajax\/libs\/slick-carousel\/1.8.1\/slick.min.js\"><\/script>\n    <script type=\"text\/javascript\">\n        $(document).ready(function(){\n            $('.image-gallery.slick').slick({\n                autoplay: true,\n                autoplaySpeed: 3000,\n                speed: 1500,\n                arrows: true,\n                dots: false\n            });\n        });\n    <\/script>\n<\/body>\n<\/html>\n<\/div>\n\n\n\n<div class=\"wp-block-column is-vertically-aligned-bottom is-layout-flow wp-block-column-is-layout-flow\">\n<p>Les Jeux olympiques d&rsquo;\u00e9t\u00e9 de 2008 \u00e0 P\u00e9kin allaient avoir lieu dans quelques mois mais les manifestant.e.s \u00e9taient tu\u00e9.e.s au Tibet. Les discours politiques \u00e9taient confus, et les prises de position calcul\u00e9es pour servir des intentions politico-\u00e9conomiques li\u00e9es aux Jeux olympiques.&nbsp;<br><br>L&rsquo;histoire \u00e9tait manipul\u00e9e. Depuis quand la souverainet\u00e9 chinoise sur le Tibet ?, je me demandais. En 1903, les Britanniques lancent une invasion militaire avec un objectif commercial. En 1906, la Chine et la Grande-Bretagne signent un trait\u00e9 reconnaissant la souverainet\u00e9 chinoise sur le Tibet, mais sans la participation des tib\u00e9tain.e.s. Une responsabilit\u00e9 non assum\u00e9 pendant cette p\u00e9riode en 2008.&nbsp;<br><br>Dans cette installation, les dates comportant des erreurs sont diffus\u00e9es d&rsquo;une part sur un \u00e9cran de t\u00e9l\u00e9vision et d&rsquo;autre part projet\u00e9es sur un mur marqu\u00e9 par des impacts de balles. Elles sont hors d&rsquo;atteinte gr\u00e2ce \u00e0 des portes blind\u00e9es, bien que rouill\u00e9es, d&rsquo;un bunker de la Seconde Guerre mondiale.<\/p>\n\n\n\n<p><\/p>\n<\/div>\n<\/div>\n\n\n\n<figure class=\"wp-block-embed is-type-video is-provider-vimeo wp-block-embed-vimeo wp-embed-aspect-4-3 wp-has-aspect-ratio\"><div class=\"wp-block-embed__wrapper\">\n<iframe title=\"Numbers Might Be Real\" src=\"https:\/\/player.vimeo.com\/video\/1063610684?dnt=1&amp;app_id=122963\" width=\"500\" height=\"375\" frameborder=\"0\" allow=\"autoplay; fullscreen; picture-in-picture; clipboard-write; encrypted-media\"><\/iframe>\n<\/div><\/figure>\n\n\n\n<figure class=\"wp-block-pullquote\"><blockquote><p><br><strong>L\u2019\u00e9quipe artistique et technique<\/strong><br><br><strong>Commissaires :&nbsp;<\/strong>&nbsp;Manfred Sternjakob, Johannes Bierling<br><strong>Production<\/strong> : E-Werk Freiburg<\/p><\/blockquote><\/figure>\n","protected":false},"excerpt":{"rendered":"<p>Installation vid\u00e9o,\u00a0deux vid\u00e9os projet\u00e9es en boucle dans un bunker d&rsquo;un ancien central \u00e9lectrique \u00e0 Frieburg, en Allemagne. Un bunker s\u2019\u00e9rige dans l\u2019espace. Ses deux portes rouill\u00e9es d\u00e9clinent des nuances de vert et d\u2019orang\u00e9. Sur chacune d\u2019elles, un judas permet d\u2019observer l\u2019int\u00e9rieur du bunker. Par le premier judas, on voit des nombres projet\u00e9s sur un mur. [&hellip;]<\/p>\n","protected":false},"author":1,"featured_media":0,"parent":0,"menu_order":0,"comment_status":"closed","ping_status":"closed","template":"","meta":{"footnotes":""},"class_list":["post-1170","page","type-page","status-publish","hentry"],"_links":{"self":[{"href":"https:\/\/arminzoghi.com\/index.php\/wp-json\/wp\/v2\/pages\/1170","targetHints":{"allow":["GET"]}}],"collection":[{"href":"https:\/\/arminzoghi.com\/index.php\/wp-json\/wp\/v2\/pages"}],"about":[{"href":"https:\/\/arminzoghi.com\/index.php\/wp-json\/wp\/v2\/types\/page"}],"author":[{"embeddable":true,"href":"https:\/\/arminzoghi.com\/index.php\/wp-json\/wp\/v2\/users\/1"}],"replies":[{"embeddable":true,"href":"https:\/\/arminzoghi.com\/index.php\/wp-json\/wp\/v2\/comments?post=1170"}],"version-history":[{"count":15,"href":"https:\/\/arminzoghi.com\/index.php\/wp-json\/wp\/v2\/pages\/1170\/revisions"}],"predecessor-version":[{"id":1198,"href":"https:\/\/arminzoghi.com\/index.php\/wp-json\/wp\/v2\/pages\/1170\/revisions\/1198"}],"wp:attachment":[{"href":"https:\/\/arminzoghi.com\/index.php\/wp-json\/wp\/v2\/media?parent=1170"}],"curies":[{"name":"wp","href":"https:\/\/api.w.org\/{rel}","templated":true}]}}