{"id":1026,"date":"2025-02-13T13:13:36","date_gmt":"2025-02-13T12:13:36","guid":{"rendered":"https:\/\/arminzoghi.com\/?page_id=1026"},"modified":"2025-03-12T11:16:01","modified_gmt":"2025-03-12T10:16:01","slug":"residence-de-recherches-a-hec","status":"publish","type":"page","link":"https:\/\/arminzoghi.com\/index.php\/residence-de-recherches-a-hec\/","title":{"rendered":"R\u00e9sidence de recherches \u00e0 HEC"},"content":{"rendered":"\n<div class=\"wp-block-columns is-layout-flex wp-container-core-columns-is-layout-28f84493 wp-block-columns-is-layout-flex\">\n<div class=\"wp-block-column is-layout-flow wp-block-column-is-layout-flow\" style=\"flex-basis:66.66%\">\n<p>Nous \u00e9tions plusieurs \u00e0 \u00eatre invit\u00e9\u00b7e\u00b7s \u00e0 ce programme de recherche artistique pour un an (Camille Roux, Gr\u00e9gory Buchert, \u00c9ric Perez, Paul Souvirons et Jonathan Schall). Chacun\u00b7e organisait ses recherches \u00e0 son rythme, mais avant tout, nous avons construit un lieu central en bois au milieu des b\u00e2timents b\u00e9tonn\u00e9s des \u00e9tudiant\u00b7e\u00b7s pour mener et exposer nos recherches, ou peut-\u00eatre pour nous identifier ou nous prot\u00e9ger de cet univers paradoxal.<\/p>\n<\/div>\n\n\n\n<div class=\"wp-block-column is-layout-flow wp-block-column-is-layout-flow\" style=\"flex-basis:33.33%\"><\/div>\n<\/div>\n\n\n\n<figure class=\"wp-block-image size-full wp-duotone-unset-1\"><img fetchpriority=\"high\" decoding=\"async\" width=\"850\" height=\"638\" src=\"https:\/\/arminzoghi.com\/wp-content\/uploads\/2025\/02\/HW-01.jpg\" alt=\"\" class=\"wp-image-1029\" srcset=\"https:\/\/arminzoghi.com\/wp-content\/uploads\/2025\/02\/HW-01.jpg 850w, https:\/\/arminzoghi.com\/wp-content\/uploads\/2025\/02\/HW-01-300x225.jpg 300w, https:\/\/arminzoghi.com\/wp-content\/uploads\/2025\/02\/HW-01-768x576.jpg 768w\" sizes=\"(max-width: 850px) 100vw, 850px\" \/><\/figure>\n\n\n\n<div class=\"wp-block-columns is-layout-flex wp-container-core-columns-is-layout-28f84493 wp-block-columns-is-layout-flex\">\n<div class=\"wp-block-column is-layout-flow wp-block-column-is-layout-flow\" style=\"flex-basis:66.66%\">\n<p>\u00catre \u00e0 HEC n&rsquo;est pas simple. Son syst\u00e8me de fonctionnement et son impact sur le quotidien de la soci\u00e9t\u00e9 te rendent m\u00e9fiant. Mais cette envie de faire est plus forte. Ces mots n&rsquo;engagent que moi. Un programme de r\u00e9sidence est toujours une aventure particuli\u00e8re, m\u00ealant sans hi\u00e9rarchisation r\u00e9elle des exp\u00e9riences de vie \u00e0 des projets artistiques et professionnels. Se cr\u00e9e alors une conjoncture sp\u00e9cifique \u00e0 l\u2019instant, au lieu, aux intervenant.e.s, devenant peu \u00e0 peu indissociable de l\u2019\u0153uvre produite. Les r\u00e9alisations \u00e9mergeant de cette ann\u00e9e pass\u00e9e sur le campus HEC ne sauraient se soustraire \u00e0 la puissance et \u00e0 la complexit\u00e9 d\u2019un tel contexte.<\/p>\n<\/div>\n\n\n\n<div class=\"wp-block-column is-layout-flow wp-block-column-is-layout-flow\" style=\"flex-basis:33.33%\"><\/div>\n<\/div>\n\n\n\n<div class=\"wp-block-media-text is-stacked-on-mobile\"><figure class=\"wp-block-media-text__media\"><img decoding=\"async\" width=\"1024\" height=\"768\" src=\"https:\/\/arminzoghi.com\/wp-content\/uploads\/2025\/02\/HW-02-1024x768.jpg\" alt=\"\" class=\"wp-image-1054 size-full\" srcset=\"https:\/\/arminzoghi.com\/wp-content\/uploads\/2025\/02\/HW-02-1024x768.jpg 1024w, https:\/\/arminzoghi.com\/wp-content\/uploads\/2025\/02\/HW-02-300x225.jpg 300w, https:\/\/arminzoghi.com\/wp-content\/uploads\/2025\/02\/HW-02-768x576.jpg 768w, https:\/\/arminzoghi.com\/wp-content\/uploads\/2025\/02\/HW-02-1536x1152.jpg 1536w, https:\/\/arminzoghi.com\/wp-content\/uploads\/2025\/02\/HW-02-2048x1536.jpg 2048w\" sizes=\"(max-width: 1024px) 100vw, 1024px\" \/><\/figure><div class=\"wp-block-media-text__content\">\n<p>Sorte de ville onirique, enclave se situant quelque part entre la transparence bleut\u00e9e de Playtime et un \u00e9ternel spring-break, HEC peut \u00eatre un lieu bien \u00e9trange pour celui qui n\u2019en conna\u00eet pas les usages. Durant cette ann\u00e9e de travail, notre collectif s\u2019est trouv\u00e9 confront\u00e9 \u00e0 ses propres entraves comme \u00e0 celles de l\u2019ext\u00e9rieur, et nous avons d\u00fb reconsid\u00e9rer \u00e0 maintes reprises, la nature de nos prises de position, vis \u00e0 vis de ce lieu si singulier et de sa violence insouciante.<br><\/p>\n<\/div><\/div>\n\n\n\n<!DOCTYPE html>\n<html lang=\"en\">\n<head>\n    <meta charset=\"UTF-8\">\n    <meta name=\"viewport\" content=\"width=device-width, initial-scale=1.0\">\n    <title>Responsive Image Gallery<\/title>\n    <!-- Slick CSS -->\n    <link rel=\"stylesheet\" type=\"text\/css\" href=\"https:\/\/cdnjs.cloudflare.com\/ajax\/libs\/slick-carousel\/1.8.1\/slick.min.css\"\/>\n    <link rel=\"stylesheet\" type=\"text\/css\" href=\"https:\/\/cdnjs.cloudflare.com\/ajax\/libs\/slick-carousel\/1.8.1\/slick-theme.min.css\"\/>\n    <style>\n        .image-gallery-container {\n            max-width: 80%; \/* D\u00e9finir la largeur \u00e0 80% *\/\n            margin-left: 0; \/* D\u00e9finir la marge gauche \u00e0 0 *\/\n            margin-right: auto; \/* Centrer horizontalement en fixant la marge droite \u00e0 auto *\/\n            overflow: hidden; \/* Pour \u00e9viter le d\u00e9bordement des \u00e9l\u00e9ments enfants *\/\n        }\n        .image-gallery {\n            max-width: 100%;\n            margin-left: 0; \/* D\u00e9finir la marge gauche \u00e0 0 *\/\n            margin-right: auto; \/* Centrer horizontalement en fixant la marge droite \u00e0 auto *\/\n            overflow: hidden; \/* Pour \u00e9viter le d\u00e9bordement des \u00e9l\u00e9ments enfants *\/\n        }\n        .image-gallery img {\n            width: 100%;\n            height: auto;\n            display: block;\n            position: relative;\n        }\n        .slick-prev, .slick-next {\n            width: 20px;\n            height: 20px;\n            z-index: 2;\n            position: absolute;\n            top: 50%;\n            transform: translateY(-50%);\n        }\n        .slick-prev:before, .slick-next:before {\n            display: none; \/* Cacher les fl\u00e8ches par d\u00e9faut *\/\n        }\n        .slick-prev {\n            left: 10px;\n            border: solid grey;\n            border-width: 0 3px 3px 0;\n            display: inline-block;\n            padding: 5px;\n            transform: rotate(135deg);\n            -webkit-transform: rotate(135deg);\n        }\n        .slick-next {\n            right: 10px;\n            border: solid grey;\n            border-width: 0 3px 3px 0;\n            display: inline-block;\n            padding: 5px;\n            transform: rotate(-45deg);\n            -webkit-transform: rotate(-45deg);\n        \n        }\n    <\/style>\n<\/head>\n<body>\n    <div class=\"image-gallery-container\">\n        <div class=\"image-gallery slick\">\n            <div><img decoding=\"async\" src=\"https:\/\/arminzoghi.com\/wp-content\/uploads\/2025\/02\/HW-03-1-scaled.jpg\" alt=\"Image 1\"><\/div>\n            <div><img decoding=\"async\" src=\"https:\/\/arminzoghi.com\/wp-content\/uploads\/2025\/02\/HW-04.jpg\" alt=\"Image 2\"><\/div>\n           \n            \n        <\/div>\n    <\/div>\n\n    <!-- jQuery -->\n    <script src=\"https:\/\/code.jquery.com\/jquery-3.6.0.min.js\"><\/script>\n    <!-- Slick JS -->\n    <script type=\"text\/javascript\" src=\"https:\/\/cdnjs.cloudflare.com\/ajax\/libs\/slick-carousel\/1.8.1\/slick.min.js\"><\/script>\n    <script type=\"text\/javascript\">\n        $(document).ready(function(){\n            $('.image-gallery.slick').slick({\n                autoplay: true,\n                autoplaySpeed: 3300,\n                speed: 1000,\n                arrows: true,\n                dots: false\n            });\n        });\n    <\/script>\n<\/body>\n<\/html>\n\n\n\n<div class=\"wp-block-media-text is-stacked-on-mobile\" style=\"grid-template-columns:47% auto\"><figure class=\"wp-block-media-text__media\"><img decoding=\"async\" width=\"1024\" height=\"768\" src=\"https:\/\/arminzoghi.com\/wp-content\/uploads\/2025\/02\/HW-B01-1024x768.jpg\" alt=\"\" class=\"wp-image-1064 size-full\" srcset=\"https:\/\/arminzoghi.com\/wp-content\/uploads\/2025\/02\/HW-B01-1024x768.jpg 1024w, https:\/\/arminzoghi.com\/wp-content\/uploads\/2025\/02\/HW-B01-300x225.jpg 300w, https:\/\/arminzoghi.com\/wp-content\/uploads\/2025\/02\/HW-B01-768x576.jpg 768w, https:\/\/arminzoghi.com\/wp-content\/uploads\/2025\/02\/HW-B01-1536x1152.jpg 1536w, https:\/\/arminzoghi.com\/wp-content\/uploads\/2025\/02\/HW-B01-2048x1536.jpg 2048w\" sizes=\"(max-width: 1024px) 100vw, 1024px\" \/><\/figure><div class=\"wp-block-media-text__content\">\n<p>Je travaillais sur une installation dans l&rsquo;une des cabanes. Les recherches et exp\u00e9rimentations avan\u00e7aient, mais apr\u00e8s quelques jours d&rsquo;absence, je d\u00e9couvre les d\u00e9g\u00e2ts caus\u00e9s par les aventures des \u00e9tudiant\u00b7e\u00b7s apr\u00e8s l&rsquo;une des fameuses \u00ab\u00a0f\u00eates du jeudi soir\u00a0\u00bb sur le campus.<\/p>\n<\/div><\/div>\n\n\n\n<figure class=\"wp-block-gallery has-nested-images columns-default is-cropped wp-block-gallery-2 is-layout-flex wp-block-gallery-is-layout-flex\">\n<figure class=\"wp-block-image size-large\"><img loading=\"lazy\" decoding=\"async\" width=\"1024\" height=\"768\" data-id=\"1065\" src=\"https:\/\/arminzoghi.com\/wp-content\/uploads\/2025\/02\/HW-B02-1024x768.jpg\" alt=\"\" class=\"wp-image-1065\" srcset=\"https:\/\/arminzoghi.com\/wp-content\/uploads\/2025\/02\/HW-B02-1024x768.jpg 1024w, https:\/\/arminzoghi.com\/wp-content\/uploads\/2025\/02\/HW-B02-300x225.jpg 300w, https:\/\/arminzoghi.com\/wp-content\/uploads\/2025\/02\/HW-B02-768x576.jpg 768w, https:\/\/arminzoghi.com\/wp-content\/uploads\/2025\/02\/HW-B02-1536x1152.jpg 1536w, https:\/\/arminzoghi.com\/wp-content\/uploads\/2025\/02\/HW-B02-2048x1536.jpg 2048w\" sizes=\"(max-width: 1024px) 100vw, 1024px\" \/><\/figure>\n\n\n\n<figure class=\"wp-block-image size-large\"><img loading=\"lazy\" decoding=\"async\" width=\"1024\" height=\"768\" data-id=\"1066\" src=\"https:\/\/arminzoghi.com\/wp-content\/uploads\/2025\/02\/HW-B03-1024x768.jpg\" alt=\"\" class=\"wp-image-1066\" srcset=\"https:\/\/arminzoghi.com\/wp-content\/uploads\/2025\/02\/HW-B03-1024x768.jpg 1024w, https:\/\/arminzoghi.com\/wp-content\/uploads\/2025\/02\/HW-B03-300x225.jpg 300w, https:\/\/arminzoghi.com\/wp-content\/uploads\/2025\/02\/HW-B03-768x576.jpg 768w, https:\/\/arminzoghi.com\/wp-content\/uploads\/2025\/02\/HW-B03-1536x1152.jpg 1536w, https:\/\/arminzoghi.com\/wp-content\/uploads\/2025\/02\/HW-B03-2048x1536.jpg 2048w\" sizes=\"(max-width: 1024px) 100vw, 1024px\" \/><\/figure>\n<\/figure>\n\n\n\n<figure class=\"wp-block-gallery has-nested-images columns-default is-cropped wp-block-gallery-3 is-layout-flex wp-block-gallery-is-layout-flex\">\n<figure class=\"wp-block-image size-large\"><img loading=\"lazy\" decoding=\"async\" width=\"1024\" height=\"768\" data-id=\"1067\" src=\"https:\/\/arminzoghi.com\/wp-content\/uploads\/2025\/02\/HW-B04-1024x768.jpg\" alt=\"\" class=\"wp-image-1067\" srcset=\"https:\/\/arminzoghi.com\/wp-content\/uploads\/2025\/02\/HW-B04-1024x768.jpg 1024w, https:\/\/arminzoghi.com\/wp-content\/uploads\/2025\/02\/HW-B04-300x225.jpg 300w, https:\/\/arminzoghi.com\/wp-content\/uploads\/2025\/02\/HW-B04-768x576.jpg 768w, https:\/\/arminzoghi.com\/wp-content\/uploads\/2025\/02\/HW-B04-1536x1152.jpg 1536w, https:\/\/arminzoghi.com\/wp-content\/uploads\/2025\/02\/HW-B04-2048x1536.jpg 2048w\" sizes=\"(max-width: 1024px) 100vw, 1024px\" \/><\/figure>\n<\/figure>\n\n\n\n<div class=\"wp-block-columns is-layout-flex wp-container-core-columns-is-layout-28f84493 wp-block-columns-is-layout-flex\">\n<div class=\"wp-block-column is-layout-flow wp-block-column-is-layout-flow\">\n<figure class=\"wp-block-image size-large\"><img loading=\"lazy\" decoding=\"async\" width=\"1024\" height=\"768\" src=\"https:\/\/arminzoghi.com\/wp-content\/uploads\/2025\/02\/HW-B07-1024x768.jpg\" alt=\"\" class=\"wp-image-1070\" srcset=\"https:\/\/arminzoghi.com\/wp-content\/uploads\/2025\/02\/HW-B07-1024x768.jpg 1024w, https:\/\/arminzoghi.com\/wp-content\/uploads\/2025\/02\/HW-B07-300x225.jpg 300w, https:\/\/arminzoghi.com\/wp-content\/uploads\/2025\/02\/HW-B07-768x576.jpg 768w, https:\/\/arminzoghi.com\/wp-content\/uploads\/2025\/02\/HW-B07-1536x1152.jpg 1536w, https:\/\/arminzoghi.com\/wp-content\/uploads\/2025\/02\/HW-B07-2048x1536.jpg 2048w\" sizes=\"(max-width: 1024px) 100vw, 1024px\" \/><\/figure>\n<\/div>\n\n\n\n<div class=\"wp-block-column is-vertically-aligned-bottom is-layout-flow wp-block-column-is-layout-flow\">\n<p>Nous discutions alors d&rsquo;une d\u00e9cision que je suis cens\u00e9 prendre, une d\u00e9cision qui m&rsquo;appartenait apparemment. <br><br>Je d\u00e9cide de figer les d\u00e9g\u00e2ts gr\u00e2ce \u00e0 du film d&#8217;emballage noir, pour les prot\u00e9ger, pour pouvoir les transport\u00e9 en l&rsquo;\u00e9tat, et puis je porte plainte contre X. Ensuite, je rencontre les X, mais je n&rsquo;ai pas chang\u00e9 ma plainte. Je l&rsquo;ai simplement accroch\u00e9 sur l&rsquo;installation, comme une \u00e9tiquette de transport.<\/p>\n<\/div>\n<\/div>\n\n\n\n<figure class=\"wp-block-gallery has-nested-images columns-default is-cropped wp-block-gallery-4 is-layout-flex wp-block-gallery-is-layout-flex\">\n<figure class=\"wp-block-image size-large\"><img loading=\"lazy\" decoding=\"async\" width=\"1024\" height=\"768\" data-id=\"1068\" src=\"https:\/\/arminzoghi.com\/wp-content\/uploads\/2025\/02\/HW-B05-1024x768.jpg\" alt=\"\" class=\"wp-image-1068\" srcset=\"https:\/\/arminzoghi.com\/wp-content\/uploads\/2025\/02\/HW-B05-1024x768.jpg 1024w, https:\/\/arminzoghi.com\/wp-content\/uploads\/2025\/02\/HW-B05-300x225.jpg 300w, https:\/\/arminzoghi.com\/wp-content\/uploads\/2025\/02\/HW-B05-768x576.jpg 768w, https:\/\/arminzoghi.com\/wp-content\/uploads\/2025\/02\/HW-B05-1536x1152.jpg 1536w, https:\/\/arminzoghi.com\/wp-content\/uploads\/2025\/02\/HW-B05-2048x1536.jpg 2048w\" sizes=\"(max-width: 1024px) 100vw, 1024px\" \/><\/figure>\n<\/figure>\n\n\n\n<figure class=\"wp-block-gallery has-nested-images columns-default is-cropped wp-block-gallery-5 is-layout-flex wp-block-gallery-is-layout-flex\">\n<figure class=\"wp-block-image size-large\"><img loading=\"lazy\" decoding=\"async\" width=\"1024\" height=\"768\" data-id=\"1069\" src=\"https:\/\/arminzoghi.com\/wp-content\/uploads\/2025\/02\/HW-B06-1024x768.jpg\" alt=\"\" class=\"wp-image-1069\" srcset=\"https:\/\/arminzoghi.com\/wp-content\/uploads\/2025\/02\/HW-B06-1024x768.jpg 1024w, https:\/\/arminzoghi.com\/wp-content\/uploads\/2025\/02\/HW-B06-300x225.jpg 300w, https:\/\/arminzoghi.com\/wp-content\/uploads\/2025\/02\/HW-B06-768x576.jpg 768w, https:\/\/arminzoghi.com\/wp-content\/uploads\/2025\/02\/HW-B06-1536x1152.jpg 1536w, https:\/\/arminzoghi.com\/wp-content\/uploads\/2025\/02\/HW-B06-2048x1536.jpg 2048w\" sizes=\"(max-width: 1024px) 100vw, 1024px\" \/><\/figure>\n\n\n\n<figure class=\"wp-block-image size-large\"><img loading=\"lazy\" decoding=\"async\" width=\"1024\" height=\"768\" data-id=\"1071\" src=\"https:\/\/arminzoghi.com\/wp-content\/uploads\/2025\/02\/HW-B08-1024x768.jpg\" alt=\"\" class=\"wp-image-1071\" srcset=\"https:\/\/arminzoghi.com\/wp-content\/uploads\/2025\/02\/HW-B08-1024x768.jpg 1024w, https:\/\/arminzoghi.com\/wp-content\/uploads\/2025\/02\/HW-B08-300x225.jpg 300w, https:\/\/arminzoghi.com\/wp-content\/uploads\/2025\/02\/HW-B08-768x576.jpg 768w, https:\/\/arminzoghi.com\/wp-content\/uploads\/2025\/02\/HW-B08-1536x1152.jpg 1536w, https:\/\/arminzoghi.com\/wp-content\/uploads\/2025\/02\/HW-B08-2048x1536.jpg 2048w\" sizes=\"(max-width: 1024px) 100vw, 1024px\" \/><\/figure>\n\n\n\n<figure class=\"wp-block-image size-large\"><img loading=\"lazy\" decoding=\"async\" width=\"1024\" height=\"768\" data-id=\"1072\" src=\"https:\/\/arminzoghi.com\/wp-content\/uploads\/2025\/02\/HW-B09-1024x768.jpg\" alt=\"\" class=\"wp-image-1072\" srcset=\"https:\/\/arminzoghi.com\/wp-content\/uploads\/2025\/02\/HW-B09-1024x768.jpg 1024w, https:\/\/arminzoghi.com\/wp-content\/uploads\/2025\/02\/HW-B09-300x225.jpg 300w, https:\/\/arminzoghi.com\/wp-content\/uploads\/2025\/02\/HW-B09-768x576.jpg 768w, https:\/\/arminzoghi.com\/wp-content\/uploads\/2025\/02\/HW-B09-1536x1152.jpg 1536w, https:\/\/arminzoghi.com\/wp-content\/uploads\/2025\/02\/HW-B09-2048x1536.jpg 2048w\" sizes=\"(max-width: 1024px) 100vw, 1024px\" \/><\/figure>\n<\/figure>\n\n\n\n<hr class=\"wp-block-separator has-alpha-channel-opacity\"\/>\n\n\n\n<hr class=\"wp-block-separator has-alpha-channel-opacity\"\/>\n\n\n\n<div class=\"wp-block-columns is-layout-flex wp-container-core-columns-is-layout-28f84493 wp-block-columns-is-layout-flex\">\n<div class=\"wp-block-column is-layout-flow wp-block-column-is-layout-flow\" style=\"flex-basis:66.66%\">\n<p>En reprenant l\u2019ensemble des exp\u00e9rimentations (achev\u00e9es ou non) produites lors de ce programme, nous avons termin\u00e9 par une tentative d&rsquo;exposition intitul\u00e9e \u00ab\u00a0\u00c0 Bout De Bord\u00a0\u00bb. Plut\u00f4t que de tirer des conclusions impossibles, cette exposition proposait une mise \u00e0 plat de nos recherches, en vue d\u2019amorcer des perspectives et de prendre du recul. Transformer ce v\u00e9cu collectif et trivial en une topographie tourment\u00e9e, en un monde irr\u00e9el, afin de faire surgir \u00e7\u00e0 et l\u00e0 une vision critique de notre exp\u00e9rience. Il y a l\u00e0 des tentatives d\u2019habitations, de transport, des obstacles, ainsi qu\u2019une multitude d\u2019objets anticipant leur destruction et revendiquant joyeusement leur insoumission.<\/p>\n<\/div>\n\n\n\n<div class=\"wp-block-column is-layout-flow wp-block-column-is-layout-flow\" style=\"flex-basis:33.33%\"><\/div>\n<\/div>\n\n\n\n<div class=\"wp-block-columns is-layout-flex wp-container-core-columns-is-layout-28f84493 wp-block-columns-is-layout-flex\">\n<div class=\"wp-block-column is-layout-flow wp-block-column-is-layout-flow\" style=\"flex-basis:66.66%\">\n<figure class=\"wp-block-image size-full\"><img loading=\"lazy\" decoding=\"async\" width=\"675\" height=\"900\" src=\"https:\/\/arminzoghi.com\/wp-content\/uploads\/2025\/02\/HW-C01.jpg\" alt=\"\" class=\"wp-image-1104\" srcset=\"https:\/\/arminzoghi.com\/wp-content\/uploads\/2025\/02\/HW-C01.jpg 675w, https:\/\/arminzoghi.com\/wp-content\/uploads\/2025\/02\/HW-C01-225x300.jpg 225w\" sizes=\"(max-width: 675px) 100vw, 675px\" \/><\/figure>\n<\/div>\n\n\n\n<div class=\"wp-block-column is-vertically-aligned-top is-layout-flow wp-block-column-is-layout-flow\" style=\"flex-basis:33.33%\">\n<p class=\"has-tiny-font-size\"><em>Sans titre<br>bois MDF, vis dor\u00e9, 2mx7m<\/em><\/p>\n\n\n\n<p>Pendant l&rsquo;ouverture de l&rsquo;exposition, j&rsquo;ai invit\u00e9 les artistes et le public \u00e0 marcher sur ce pont, peint en rouge. La structure n&rsquo;a pas \u00e9t\u00e9 d\u00e9stin\u00e9 pour supporter le poids des pas et s&rsquo;est cass\u00e9e apr\u00e8s deux ou trois passages. Quelques planches sont rest\u00e9es intactes, mais le public a insist\u00e9 pour terminer le travail.<\/p>\n<\/div>\n<\/div>\n\n\n\n<div class=\"wp-block-columns is-layout-flex wp-container-core-columns-is-layout-28f84493 wp-block-columns-is-layout-flex\">\n<div class=\"wp-block-column is-layout-flow wp-block-column-is-layout-flow\" style=\"flex-basis:66.66%\">\n<figure class=\"wp-block-image size-full\"><img loading=\"lazy\" decoding=\"async\" width=\"900\" height=\"675\" src=\"https:\/\/arminzoghi.com\/wp-content\/uploads\/2025\/02\/HW-C02.jpg\" alt=\"\" class=\"wp-image-1110\" srcset=\"https:\/\/arminzoghi.com\/wp-content\/uploads\/2025\/02\/HW-C02.jpg 900w, https:\/\/arminzoghi.com\/wp-content\/uploads\/2025\/02\/HW-C02-300x225.jpg 300w, https:\/\/arminzoghi.com\/wp-content\/uploads\/2025\/02\/HW-C02-768x576.jpg 768w\" sizes=\"(max-width: 900px) 100vw, 900px\" \/><\/figure>\n<\/div>\n\n\n\n<div class=\"wp-block-column is-vertically-aligned-bottom is-layout-flow wp-block-column-is-layout-flow\" style=\"flex-basis:33.33%\">\n<p class=\"has-tiny-font-size\"><em>\u00ab\u00a0Allong\u00e9\u00a0\u00bb, <br>C-print, cadre en bois sculpt\u00e9, 60x90cm (chaque image)<\/em><\/p>\n\n\n\n<p>Cette s\u00e9rie de portraits reprend les codes de l\u2019imagerie bourgeoise, en y insinuant une part d\u2019\u00e9tranget\u00e9 et d\u2019ironie.<br>Traditionnellement accroch\u00e9s en l\u00e9ger surplomb afin de dominer celui qui les observe, jouant d\u2019une codification stricte, ces clich\u00e9s parlent de la fa\u00e7on dont un groupe social se donne \u00e0 voir. Mais ici, l\u2019image de cette nouvelle \u00e9lite se voit alt\u00e9r\u00e9e, mise \u00e0 terre sous l\u2019objectif du photographe, captant des visages l\u00e9g\u00e8rement d\u00e9form\u00e9s par le poids de leur propre corp.<\/p>\n<\/div>\n<\/div>\n\n\n\n<div class=\"wp-block-columns is-layout-flex wp-container-core-columns-is-layout-28f84493 wp-block-columns-is-layout-flex\">\n<div class=\"wp-block-column is-layout-flow wp-block-column-is-layout-flow\" style=\"flex-basis:66.66%\">\n<figure class=\"wp-block-image size-large\"><img loading=\"lazy\" decoding=\"async\" width=\"1024\" height=\"735\" src=\"https:\/\/arminzoghi.com\/wp-content\/uploads\/2025\/02\/HW-C03-1024x735.jpg\" alt=\"\" class=\"wp-image-1111\" srcset=\"https:\/\/arminzoghi.com\/wp-content\/uploads\/2025\/02\/HW-C03-1024x735.jpg 1024w, https:\/\/arminzoghi.com\/wp-content\/uploads\/2025\/02\/HW-C03-300x215.jpg 300w, https:\/\/arminzoghi.com\/wp-content\/uploads\/2025\/02\/HW-C03-768x551.jpg 768w, https:\/\/arminzoghi.com\/wp-content\/uploads\/2025\/02\/HW-C03.jpg 1240w\" sizes=\"(max-width: 1024px) 100vw, 1024px\" \/><\/figure>\n<\/div>\n\n\n\n<div class=\"wp-block-column is-vertically-aligned-bottom is-layout-flow wp-block-column-is-layout-flow\" style=\"flex-basis:33.33%\">\n<p class=\"has-tiny-font-size\"><em>\u00ab\u00a0SurvIe, faute orthographe\u00a0\u00bb<br>Tirage duratrans 60x45cm, caisson lumineux<\/em><\/p>\n\n\n\n<p>N\u00e9e dans la contrainte des d\u00e9gradations subies tout au long d\u2019une ann\u00e9e de r\u00e9sidence, cette installation met en exergue deux formes d\u2019abandon.<\/p>\n\n\n\n<p>La destruction initiale rel\u00e8ve de l\u2019abandon de soi, du laisser aller du corps et de l\u2019esprit, tandis que la placidit\u00e9 du sujet photographi\u00e9, la condamnation de l\u2019entr\u00e9e (actions de l\u2019artiste) rel\u00e8veraient pour leur part du renoncement \u00e0 la possession d\u2019un bien ou de l\u2019abandon d\u2019une lutte inutile. Un geste qui admet la d\u00e9faite et s\u2019offre au vainqueur\u201d<\/p>\n<\/div>\n<\/div>\n\n\n\n<figure class=\"wp-block-gallery has-nested-images columns-default is-cropped wp-block-gallery-6 is-layout-flex wp-block-gallery-is-layout-flex\">\n<figure class=\"wp-block-image size-large\"><img loading=\"lazy\" decoding=\"async\" width=\"900\" height=\"675\" data-id=\"1112\" src=\"https:\/\/arminzoghi.com\/wp-content\/uploads\/2025\/02\/HW-C04.jpg\" alt=\"\" class=\"wp-image-1112\" srcset=\"https:\/\/arminzoghi.com\/wp-content\/uploads\/2025\/02\/HW-C04.jpg 900w, https:\/\/arminzoghi.com\/wp-content\/uploads\/2025\/02\/HW-C04-300x225.jpg 300w, https:\/\/arminzoghi.com\/wp-content\/uploads\/2025\/02\/HW-C04-768x576.jpg 768w\" sizes=\"(max-width: 900px) 100vw, 900px\" \/><figcaption class=\"wp-element-caption\"><em>Cabane en bois, contre-plaqu\u00e9, m\u00e9tal, P.V.C, tirage duratrans, 4.4 m2<\/em><\/figcaption><\/figure>\n\n\n\n<figure class=\"wp-block-image size-large\"><img loading=\"lazy\" decoding=\"async\" width=\"900\" height=\"675\" data-id=\"1113\" src=\"https:\/\/arminzoghi.com\/wp-content\/uploads\/2025\/02\/HW-C05.jpg\" alt=\"\" class=\"wp-image-1113\" srcset=\"https:\/\/arminzoghi.com\/wp-content\/uploads\/2025\/02\/HW-C05.jpg 900w, https:\/\/arminzoghi.com\/wp-content\/uploads\/2025\/02\/HW-C05-300x225.jpg 300w, https:\/\/arminzoghi.com\/wp-content\/uploads\/2025\/02\/HW-C05-768x576.jpg 768w\" sizes=\"(max-width: 900px) 100vw, 900px\" \/><\/figure>\n<\/figure>\n\n\n\n<figure class=\"wp-block-pullquote\"><blockquote><p><strong>R\u00e9alisation lieu central <\/strong>&nbsp;: <br>Camille Roux, Gr\u00e9gory Buchert, \u00c9ric Perez, <br>Paul Souvirons, Jonathan Schall, Armin Zoghi<br><br><strong>Production<\/strong>&nbsp;: Espace d&rsquo;art contemporain HEC<\/p><\/blockquote><\/figure>\n","protected":false},"excerpt":{"rendered":"<p>Nous \u00e9tions plusieurs \u00e0 \u00eatre invit\u00e9\u00b7e\u00b7s \u00e0 ce programme de recherche artistique pour un an (Camille Roux, Gr\u00e9gory Buchert, \u00c9ric Perez, Paul Souvirons et Jonathan Schall). Chacun\u00b7e organisait ses recherches \u00e0 son rythme, mais avant tout, nous avons construit un lieu central en bois au milieu des b\u00e2timents b\u00e9tonn\u00e9s des \u00e9tudiant\u00b7e\u00b7s pour mener et exposer [&hellip;]<\/p>\n","protected":false},"author":1,"featured_media":1029,"parent":0,"menu_order":0,"comment_status":"closed","ping_status":"closed","template":"","meta":{"footnotes":""},"class_list":["post-1026","page","type-page","status-publish","has-post-thumbnail","hentry"],"_links":{"self":[{"href":"https:\/\/arminzoghi.com\/index.php\/wp-json\/wp\/v2\/pages\/1026","targetHints":{"allow":["GET"]}}],"collection":[{"href":"https:\/\/arminzoghi.com\/index.php\/wp-json\/wp\/v2\/pages"}],"about":[{"href":"https:\/\/arminzoghi.com\/index.php\/wp-json\/wp\/v2\/types\/page"}],"author":[{"embeddable":true,"href":"https:\/\/arminzoghi.com\/index.php\/wp-json\/wp\/v2\/users\/1"}],"replies":[{"embeddable":true,"href":"https:\/\/arminzoghi.com\/index.php\/wp-json\/wp\/v2\/comments?post=1026"}],"version-history":[{"count":87,"href":"https:\/\/arminzoghi.com\/index.php\/wp-json\/wp\/v2\/pages\/1026\/revisions"}],"predecessor-version":[{"id":1231,"href":"https:\/\/arminzoghi.com\/index.php\/wp-json\/wp\/v2\/pages\/1026\/revisions\/1231"}],"wp:featuredmedia":[{"embeddable":true,"href":"https:\/\/arminzoghi.com\/index.php\/wp-json\/wp\/v2\/media\/1029"}],"wp:attachment":[{"href":"https:\/\/arminzoghi.com\/index.php\/wp-json\/wp\/v2\/media?parent=1026"}],"curies":[{"name":"wp","href":"https:\/\/api.w.org\/{rel}","templated":true}]}}